i(t).
-7
Let v(g) = -7*g**2 + 3*g - 4. Let h(d) = -3*d**2 + 2*d - 2. Let z(n) = -5*h(n) + 2*v(n). Suppose -5*a = 17 - 42. Give z(a).
7
Let f(l) = -2*l**3 - 6*l**2 + 5*l - 1. Let h be f(-4). Let k(g) = h*g + 12*g + 9 - 21*g. What is k(-6)?
-3
Let d(k) = -47 + 20 - 2*k + 24. Give d(-2).
1
Let s = 4 - 0. Let f(a) = 4*a + 2 - 2*a + s*a - a**3 - 2*a**2 - 4*a. Calculate f(-2).
-2
Let k(a) = a**2 + a + 30. Let g = -86 + 86. What is k(g)?
30
Let d(w) be the third derivative of -w**7/5040 - w**6/180 - w**5/20 - 5*w**2. Let x(c) be the third derivative of d(c). What is x(-3)?
-1
Let a(j) be the third derivative of -j**4/24 - 5*j**3/6 - j**2. Let o be 0*4/((-12)/(-3)). Determine a(o).
-5
Let a(c) be the first derivative of -c**4/4 - 7*c**3/3 - 3*c**2 + c - 9. Let d(k) = 2*k + 8. Let p be d(-7). Give a(p).
1
Let j(g) = -g**3 + 5*g**2 - g - 5. Let o(q) = -q**2 + 1. Let r(n) = j(n) + 3*o(n). Let i = -60 - -63. Determine r(i).
-14
Let g(s) = -2 - 2*s + 3*s**2 + 4*s - s. Let d = 46 - 48. Determine g(d).
8
Suppose 0*h = 3*h - 2*z, z + 1 = h. Let f(d) = -d**3 - 2*d**2 + 2*d + 2. Determine f(h).
-2
Let u be (-41)/(-2) - (-2)/(-4). Let c be -3 - 7/((-14)/u). Let g(w) = 0*w + 0*w - c - w. What is g(0)?
-7
Let j(y) = -2*y - 12. Let c be j(-11). Let q(k) = 4*k**2 - 4*k + 2 - c*k**2 - k - 4*k**3 + 3*k**3. Give q(-5).
2
Let g = -12 + 17. Let o(f) be the third derivative of 0*f + 0 - 1/8*f**4 + 1/10*f**5 - 2/3*f**3 - 1/120*f**6 - 3*f**2. Give o(g).
6
Let x(s) = -4*s**2 + 7*s - 3. Let o(y) = -3*y**2 + 6*y - 2. Let l(f) = -3*o(f) + 2*x(f). Let q(r) = 2*r**3 + 2*r**2 - r. Let b be q(1). What is l(b)?
-3
Let n(g) = -3*g - 3. Let d(m) = 2*m + 4. Let u(b) = 4*d(b) + 3*n(b). Let f be u(10). Let r(s) = -s**3 - 3*s**2 - 1. Give r(f).
-1
Let i(y) be the first derivative of -y**2/2 - y + 1. Give i(2).
-3
Suppose 0*g + 4*g - 2*i + 6 = 0, -2*i + 6 = -2*g. Let h(j) be the second derivative of -4*j - 1/12*j**4 + 2*j**2 - 1/6*j**3 + 0. Calculate h(g).
4
Let b(d) = d**3 - 4*d**2 + 3*d + 1. Let t be b(3). Suppose i = 2 + t. Let h(u) = -u**2 + 5*u - 3. What is h(i)?
3
Let i(g) = -g**3 + g**2 + 1. Let a(d) = 2*d - 14. Let q be a(8). Give i(q).
-3
Let y(u) = 38 + 7*u - 6*u - 22. Give y(0).
16
Let n = 6 + -7. Let q(j) = -6*j. Let t be q(n). Let u(r) be the third derivative of r**6/120 - r**5/12 - r**4/4 + 5*r**3/6 + r**2. What is u(t)?
5
Let f(v) = -9*v**2 + 5*v - 1. Let o = 8 + -11. Let a(p) = 47*p**2 + 0 - 6*p + 2 - 29*p**2 - 3*p. Let t(n) = o*a(n) - 5*f(n). What is t(1)?
-8
Let q(t) = 7*t**2 - t - 1. Let b be (-4 + (-39)/(-9))*6. Determine q(b).
25
Let z(q) = -2*q + 24. Let w be z(10). Let l be (18/8)/3*24. Let a be l/4*w/(-6). Let y(c) = c**3 + 2*c**2 - c + 3. Determine y(a).
-3
Let b(f) = f**3 + 7*f**2 + 5*f + 3. Suppose -2*w + 4*d = 0, -2*w - 3*d + 4 + 3 = 0. Let a be -6*4/6 - w. Give b(a).
9
Let g(o) be the first derivative of -5*o**3/3 + o**2 + o + 1. Determine g(-1).
-6
Let n(b) = -b**3 - 6*b**2 - 5*b + 6. Suppose 2*h = 4*h - 12. Suppose h*s - 3*s + 15 = 0. Determine n(s).
6
Let b(k) be the second derivative of -k**3/3 + 3*k**2/2 + 4*k. Determine b(3).
-3
Let o(p) = p + 0 - 2 + 3 + 5. What is o(7)?
13
Let l(j) be the first derivative of j**2 + 1/4*j**4 - 4*j - 2*j**3 + 2. Calculate l(6).
8
Let g(r) be the second derivative of -1/12*r**4 - 1/6*r**3 + 0 + r**2 + 2*r. Let k(w) be the first derivative of g(w). Give k(1).
-3
Suppose 0 = -5*o + 2 - 7. Let z be (o + 0)/((-1)/5). Let i(m) = -m + 12. Calculate i(z).
7
Let g(w) be the first derivative of -4*w**2 - 4. Determine g(1).
-8
Let h(s) = -7*s**3 + 21*s**2 - 7*s - 3. Let l(k) = 3*k**3 - 10*k**2 + 4*k + 1. Let i(d) = -2*h(d) - 5*l(d). Determine i(7).
8
Let f(o) = o**2 + 2 - 5*o - 3 + 2*o + 4*o. Let h(t) = -4*t**2 + 3*t - 1. Let b(c) = 3*f(c) + h(c). Calculate b(4).
4
Let u(x) be the first derivative of -x**4/4 - 4*x**3/3 - x**2 + 2*x + 13. Calculate u(-2).
-2
Let d be (-7)/(-2) + (-10)/(-20). Let j = d - 6. Let o(s) = 2*s**3 + 2*s**2 - s. Give o(j).
-6
Let m(h) = h + 1. Let r(v) = -5*v - 1 + 4 - 9. Let o(b) = 4*m(b) + r(b). Determine o(0).
-2
Let f = 29 - 30. Let p(m) = -9*m - 1. Give p(f).
8
Let w(t) be the first derivative of -t**2/2 - 1. Let u be (6/4)/((-15)/20). Let f(m) = m**2 + 3*m - 1. Let h be f(u). Give w(h).
3
Let i(b) be the first derivative of -b**7/840 + b**6/120 + b**5/40 - b**4/12 - b**3/3 - 1. Let j(r) be the third derivative of i(r). What is j(3)?
7
Suppose -3*v - 15 = -6*v. Suppose -v*k + 11 = -14. Let h(m) = -m**2 + 12*m. Let o(n) = n**2 - 11*n. Let g(p) = -5*h(p) - 6*o(p). Calculate g(k).
5
Let u(s) = 15*s + 5. Let g(f) = -7*f - 3. Let x(i) = -13*g(i) - 6*u(i). Calculate x(-7).
2
Let p(x) = -x**3 + 5*x**2 - 5*x - 1. Let g(v) = v**2 - 14*v + 8. Let a be g(14). Suppose d - 3 - 9 = 0. Let m = d - a. Give p(m).
-5
Let w be (-4 + 2 + 1)/(-1). Suppose -3*r + w = -14. Let s(u) = 5*u + 15. Let j(k) = 3*k + 10. Let x(b) = r*s(b) - 8*j(b). Calculate x(4).
-1
Let z(s) = 2*s**2 - 5*s + 4. Suppose 0*w + 2*w = -4. Let k(j) = j**2 + 4*j + 3. Let a be k(-4). Let c be -9*(w - (-5)/a). Determine z(c).
7
Suppose 2*v = -0*v + 4. Let r(s) = 3 + 2*s - 3*s**2 + 4*s**2 + v*s. Calculate r(-4).
3
Let y(l) = l**2 - 12*l - 10. Let t be y(13). Let z(f) be the second derivative of 2*f - 1/2*f**2 + 1/4*f**4 + 0 + 0*f**t - 1/10*f**5. What is z(2)?
-5
Let b be ((-20)/(-25))/(4/10). Let c(h) = 6*h - 6*h - 1 - b + h. Give c(2).
-1
Let k(x) = -3*x**3 - 5*x**2 + 7*x - 10. Let p(j) = -4*j**3 - 5*j**2 + 7*j - 11. Let c(f) = -5*k(f) + 4*p(f). Determine c(4).
-6
Let l(a) = 3*a - 8. Suppose 0 + 12 = 4*c. Let d be 3/(1 + 0) + c. Give l(d).
10
Let g(r) = 6*r + 3. Let n be (-2 - 0)/(8/(-108)). Let z be 6/n + (-120)/54. Calculate g(z).
-9
Suppose 4*z = -z - 5*s + 35, -3*z - 11 = -5*s. Let v(c) = -5*c**2 - 2*c - 1 + 3*c**z + 5*c**2. Suppose -2*y = 3*r + 9, 0*r = 2*r - 4*y - 10. Determine v(r).
-2
Let n(m) = m**3 - 4*m**2 + 3*m - 6. Let t(f) = f**2 + f - 5. Let v be t(-4). Let p = 11 - v. What is n(p)?
6
Let y(p) = p. Let f(c) = 4*c + 6. Let o(j) = -f(j) + 3*y(j). Give o(-3).
-3
Let f(x) = 6*x**3 + 2*x**2 - 7*x - 12. Let s(d) = -6 + 5*d**3 - 5 - 2*d + d**2 - 4*d. Let a(j) = 6*f(j) - 7*s(j). Let n = -12 + 7. Calculate a(n).
5
Let x(t) be the first derivative of -t**2/2 + 1. Let o(a) = -a - 1. Let h(y) = -o(y) - 4*x(y). Determine h(-1).
-4
Let h(c) = c**3 + 4*c**2 + c + 1. Suppose -5*k - 3 = 17. Give h(k).
-3
Let w(m) = -2*m + 0*m - m**2 - 2 + 3*m. Let y(z) = 3 + 0 + 8 + 10*z - z**2. Let r be y(11). Calculate w(r).
-2
Let s(y) = 2*y**2. Suppose 0 = 5*v + q - 10, 4 - 19 = -5*v - 2*q. Calculate s(v).
2
Let v(o) = -5*o**3 + 10*o**2 - 1 - 3 + 0 - 5*o**2. Let a(h) = -h**2 + 1. Let j(s) = -4*a(s) - v(s). Give j(-1).
-6
Let r be 0 + -1 + (-3 - -4). Let q(a) = -3 + 3*a - a**2 + r*a**2 + 2*a**2. Let z(x) = -5*x**3 + 2*x**2 - 2*x + 1. Let u be z(1). What is q(u)?
1
Let k(n) = n**3 - 1. Let i(s) = -3*s**3 + 7*s**2 + 5*s + 2. Let f(p) = i(p) + 4*k(p). What is f(-6)?
4
Let s(z) = -4*z - 1. Let l be ((-5)/10)/(2/20). Let w be 9/l + 1/(-5). Give s(w).
7
Let l = -10 + 15. Let c(h) = -5*h + l*h - h - 6 + 0*h. Determine c(-6).
0
Let c(r) = -r**3 - 5*r**2 + 6*r + 7. Let o = -5 - -14. Let h = o + -6. Suppose -2*q - h - 3 = a, 5*a - 4*q + 30 = 0. Calculate c(a).
7
Let l(f) = -f**3 + 5*f**2 - 4*f + 4. Let c(u) = -4*u - 8. Let d be c(-3). What is l(d)?
4
Let s(x) = -x**2 + x + 1. Let p(n) = -6*n**2 + 2*n + 7. Let a(q) = -p(q) + 3*s(q). Determine a(-3).
20
Suppose 5*c - 2*j - 13 = 2*c, 2*c + 2 = -4*j. Let b(a) = a**3 + a**2 + a - 1. Let f(x) = x**3 + 4*x**2 + 2*x - 3. Let n(o) = 2*b(o) - f(o). Give n(c).
10
Let f(l) = -3*l**2 + 3. Let i(v) = 4*v**2 + v - 4. Let y(k) = -3*f(k) - 2*i(k). Let a be y(4). Let x = 2 - a. Let c(n) = -n - 12. Calculate c(x).
-7
Let y(h) = -h. Let q(w) = w**2 + 10*w + 5. Let g be q(-10). Let v = -4 + g. Calculate y(v).
-1
Let w(f) = -f - 9. Suppose -j = o + 4 + 5, -5*o + 3*j - 21 = 0. Determine w(o).
-3
Let j(k) = -k**2 - 5*k + 0*k**2 + 6*k + 2 - 7*k. Suppose 0 = -3*f + 4*f + 2. Let q = f - 3. Determine j(q).
7
Let o(i) be the third derivative of 1/360*i**6 + 0*i + 0 + 1/8*i**4 - i**2 + 1/24*i**5 - 1/6*i**3. Let q(s) be the first derivative of o(s). Give q(-5).
3
Suppose 3*k - 12 = 3. Let q(n) = -n**2 + n + 1. Let f be q(1). Suppose -f - 4 = k*p. Let h(w) =